{"id":4542,"date":"2021-05-20T01:46:11","date_gmt":"2021-05-20T01:46:11","guid":{"rendered":"http:\/\/glamaholic.shop\/new\/product\/schwarzkopf-bonacure-color-freeze-treatment-2\/"},"modified":"2021-05-20T01:46:12","modified_gmt":"2021-05-20T01:46:12","slug":"schwarzkopf-bonacure-color-freeze-treatment-2","status":"publish","type":"product","link":"https:\/\/glamaholic.shop\/new\/product\/schwarzkopf-bonacure-color-freeze-treatment-2\/","title":{"rendered":"Schwarzkopf Bonacure Color Freeze Treatment"},"content":{"rendered":"<p>\u00c5terbygger, bevarar och skyddar f\u00e4rgbehandlat h\u00e5r.<br \/>Sk\u00f6lj ur efter 5-10 minuter.<br \/>Ger friskt och f\u00f6ljsamt h\u00e5r med bevarad f\u00e4rgintensitet<\/p>\n<p>200ml&nbsp;<\/p>\n<p><strong>Schwarzkopf Bonacure Color Freeze Thermo-Protect Cream<br \/><\/strong>F\u00f6rser f\u00e4rgbehandlat h\u00e5r med optimal n\u00e4ring<br \/>Skyddar h\u00e5ret vid anv\u00e4ndning av stylingverktyg med extrem v\u00e4rme<br \/>125ml<\/p>\n","protected":false},"excerpt":{"rendered":"<p>Schwarzkopf Bonacure Color Freeze Treatment<\/p>\n","protected":false},"featured_media":2385,"comment_status":"closed","ping_status":"open","template":"","meta":{"_monsterinsights_skip_tracking":false,"_monsterinsights_sitenote_active":false,"_monsterinsights_sitenote_note":"","_monsterinsights_sitenote_category":0},"hair-type":[91],"manufacturer":[112],"_links":{"self":[{"href":"https:\/\/glamaholic.shop\/new\/wp-json\/wp\/v2\/product\/4542"}],"collection":[{"href":"https:\/\/glamaholic.shop\/new\/wp-json\/wp\/v2\/product"}],"about":[{"href":"https:\/\/glamaholic.shop\/new\/wp-json\/wp\/v2\/types\/product"}],"replies":[{"embeddable":true,"href":"https:\/\/glamaholic.shop\/new\/wp-json\/wp\/v2\/comments?post=4542"}],"wp:featuredmedia":[{"embeddable":true,"href":"https:\/\/glamaholic.shop\/new\/wp-json\/wp\/v2\/media\/2385"}],"wp:attachment":[{"href":"https:\/\/glamaholic.shop\/new\/wp-json\/wp\/v2\/media?parent=4542"}],"wp:term":[{"taxonomy":"hair-type","embeddable":true,"href":"https:\/\/glamaholic.shop\/new\/wp-json\/wp\/v2\/hair-type?post=4542"},{"taxonomy":"manufacturer","embeddable":true,"href":"https:\/\/glamaholic.shop\/new\/wp-json\/wp\/v2\/manufacturer?post=4542"}],"curies":[{"name":"wp","href":"https:\/\/api.w.org\/{rel}","templated":true}]}}