{"id":4531,"date":"2021-05-20T01:46:11","date_gmt":"2021-05-20T01:46:11","guid":{"rendered":"http:\/\/glamaholic.shop\/new\/product\/ref-moisture-treatment-mask-750ml\/"},"modified":"2021-05-20T01:46:11","modified_gmt":"2021-05-20T01:46:11","slug":"ref-moisture-treatment-mask-750ml","status":"publish","type":"product","link":"https:\/\/glamaholic.shop\/new\/product\/ref-moisture-treatment-mask-750ml\/","title":{"rendered":"REF. Moisture Treatment Mask 750ml"},"content":{"rendered":"<p>En intensivt \u00e5terfuktande inpackning med kokos, bj\u00f6rkl\u00f6v, lingon och Macadamia Seed Oil. Tillf\u00f6r fukt till h\u00e5rstr\u00e5na f\u00f6r att \u00e5terst\u00e4lla det som har f\u00f6rlorats p\u00e5 grund av v\u00e4rmestyling och\/eller milj\u00f6m\u00e4ssiga faktorer. H\u00e5ret \u00e5terst\u00e4lls till ett smidigare, gl\u00e4nsande, mer hanterbar och mjukare tillst\u00e5nd. REF Moisture Complex tr\u00e4nger in h\u00e5ret f\u00f6r att leverera best\u00e5ende, intensiv fukt. Weightless Moisturizing formeln kommer inte att tynga ner h\u00e5ret.<br \/>Rik p\u00e5 n\u00e4rings\u00e4mnen, antioxidanter och vitaminer.<\/p>\n<p>-Tillf\u00f6r styrka och glans.<br \/>-Bra f\u00f6r alla typer av h\u00e5r, speciellt k\u00e4nsligt h\u00e5r.<br \/>-S\u00e4kert f\u00f6r f\u00e4rgat h\u00e5r.<br \/>-Inneh\u00e5ller Argan- och Tamanu-olja, svart vinb\u00e4r, linolja, keratin och kollagen.<br \/>-Sulfat fri. <br \/>-Paraben fri.<\/p>\n<p><strong>Anv\u00e4ndning:<\/strong><br \/>Applicera i shampoonerat h\u00e5r. L\u00e4mna i 3 till 5 minuter. Sk\u00f6lj noggrant och styla som vanligt. L\u00e5t verka \u00f6ver natten om ni har torrt, skadat h\u00e5r.<br \/>750ml<\/p>\n","protected":false},"excerpt":{"rendered":"<p>REF. Moisture Treatment Mask 750ml<\/p>\n","protected":false},"featured_media":2363,"comment_status":"closed","ping_status":"open","template":"","meta":{"_monsterinsights_skip_tracking":false,"_monsterinsights_sitenote_active":false,"_monsterinsights_sitenote_note":"","_monsterinsights_sitenote_category":0},"hair-type":[98],"manufacturer":[110],"_links":{"self":[{"href":"https:\/\/glamaholic.shop\/new\/wp-json\/wp\/v2\/product\/4531"}],"collection":[{"href":"https:\/\/glamaholic.shop\/new\/wp-json\/wp\/v2\/product"}],"about":[{"href":"https:\/\/glamaholic.shop\/new\/wp-json\/wp\/v2\/types\/product"}],"replies":[{"embeddable":true,"href":"https:\/\/glamaholic.shop\/new\/wp-json\/wp\/v2\/comments?post=4531"}],"wp:featuredmedia":[{"embeddable":true,"href":"https:\/\/glamaholic.shop\/new\/wp-json\/wp\/v2\/media\/2363"}],"wp:attachment":[{"href":"https:\/\/glamaholic.shop\/new\/wp-json\/wp\/v2\/media?parent=4531"}],"wp:term":[{"taxonomy":"hair-type","embeddable":true,"href":"https:\/\/glamaholic.shop\/new\/wp-json\/wp\/v2\/hair-type?post=4531"},{"taxonomy":"manufacturer","embeddable":true,"href":"https:\/\/glamaholic.shop\/new\/wp-json\/wp\/v2\/manufacturer?post=4531"}],"curies":[{"name":"wp","href":"https:\/\/api.w.org\/{rel}","templated":true}]}}