{"id":4527,"date":"2021-05-20T01:46:08","date_gmt":"2021-05-20T01:46:08","guid":{"rendered":"http:\/\/glamaholic.shop\/new\/product\/ref-colour-treatment-mask-542\/"},"modified":"2021-05-20T01:46:10","modified_gmt":"2021-05-20T01:46:10","slug":"ref-colour-treatment-mask-542","status":"publish","type":"product","link":"https:\/\/glamaholic.shop\/new\/product\/ref-colour-treatment-mask-542\/","title":{"rendered":"REF. Colour Treatment Mask 542"},"content":{"rendered":"<p>En intensiv inpackning f\u00f6r f\u00e4rgat h\u00e5r med hasseln\u00f6t, linfr\u00f6, lingon och Blueberry Seed Oil. En inpackning som \u00e4r speciellt utformad f\u00f6r att packa in f\u00e4rgen, den f\u00f6rb\u00e4ttras och ser rikare och mer lysande ut. Intensivt \u00e5terfuktande ingredienser ger n\u00e4ring, f\u00f6rseglar och skyddar h\u00e5ret fr\u00e5n blekning.<br \/>-L\u00e4mnar h\u00e5ret silkeslent och levande.<br \/>-Sulfat fri<br \/>-Paraben fri.<br \/>-Inneh\u00e5ller Argan- och Tamanu-olja samt kollagen, keratin och svart vinb\u00e4r.<br \/>Anv\u00e4ndning:<br \/>Applicera REF Colour Treatment Mask efter shampoonering. F\u00f6rdela j\u00e4mnt och l\u00e5t verka i 3 till 5 minuter. Sk\u00f6lj noggrant och styla sedan som vanligt.<br \/>250ml<\/p>\n","protected":false},"excerpt":{"rendered":"<p>REF. Colour Treatment Mask 542<\/p>\n","protected":false},"featured_media":2355,"comment_status":"closed","ping_status":"open","template":"","meta":{"_monsterinsights_skip_tracking":false,"_monsterinsights_sitenote_active":false,"_monsterinsights_sitenote_note":"","_monsterinsights_sitenote_category":0},"hair-type":[91],"manufacturer":[110],"_links":{"self":[{"href":"https:\/\/glamaholic.shop\/new\/wp-json\/wp\/v2\/product\/4527"}],"collection":[{"href":"https:\/\/glamaholic.shop\/new\/wp-json\/wp\/v2\/product"}],"about":[{"href":"https:\/\/glamaholic.shop\/new\/wp-json\/wp\/v2\/types\/product"}],"replies":[{"embeddable":true,"href":"https:\/\/glamaholic.shop\/new\/wp-json\/wp\/v2\/comments?post=4527"}],"wp:featuredmedia":[{"embeddable":true,"href":"https:\/\/glamaholic.shop\/new\/wp-json\/wp\/v2\/media\/2355"}],"wp:attachment":[{"href":"https:\/\/glamaholic.shop\/new\/wp-json\/wp\/v2\/media?parent=4527"}],"wp:term":[{"taxonomy":"hair-type","embeddable":true,"href":"https:\/\/glamaholic.shop\/new\/wp-json\/wp\/v2\/hair-type?post=4527"},{"taxonomy":"manufacturer","embeddable":true,"href":"https:\/\/glamaholic.shop\/new\/wp-json\/wp\/v2\/manufacturer?post=4527"}],"curies":[{"name":"wp","href":"https:\/\/api.w.org\/{rel}","templated":true}]}}