{"id":4118,"date":"2021-05-20T01:42:35","date_gmt":"2021-05-20T01:42:35","guid":{"rendered":"http:\/\/glamaholic.shop\/new\/product\/schwarzkopf-bonacure-oil-miracle-finish-treatment-100ml\/"},"modified":"2021-05-20T01:42:37","modified_gmt":"2021-05-20T01:42:37","slug":"schwarzkopf-bonacure-oil-miracle-finish-treatment-100ml","status":"publish","type":"product","link":"https:\/\/glamaholic.shop\/new\/product\/schwarzkopf-bonacure-oil-miracle-finish-treatment-100ml\/","title":{"rendered":"Schwarzkopf Bonacure Oil Miracle Finish Treatment 100ml"},"content":{"rendered":"<p>En rik, intensiv oljeformula som ger fantastisk styling- och utsl\u00e4tningseffekt tillsammans med enast\u00e5ende glans p\u00e5 grovt och motst\u00e5ndskraftigt  h\u00e5r.<br \/><strong>V\u00e5rdeffekt:<\/strong> 2<br \/>Sk\u00f6lj ej ur.<br \/><strong>H\u00e5rtyp:<\/strong><br \/>H\u00e5ret \u00e4r normalt till grovt och beh\u00f6ver extra mjukg\u00f6ring och glans.<br \/><strong>F\u00f6rdelar:<\/strong><br \/>Mjuk och silkeslen, naturlig k\u00e4nsla.<br \/>H\u00e5ret blir sl\u00e4tt med en gl\u00e4nsande finish.<br \/>Arganoljan st\u00e4rker h\u00e5ret och ger det lyster och sp\u00e4nst.<br \/>G\u00f6r f\u00f6ningen enklare och snabbare.<br \/>Stylingkontroll under f\u00f6ning.<br \/>Fettfri formula.<br \/>P\u00e5verkar inte h\u00e5rf\u00e4rgen.<br \/><strong>Ingredienser:<\/strong><br \/>V\u00e4rdefull botanisk arganolja.<br \/>Spridnings\u00e4mne: Trisiloxan l\u00e4tt silikonolja som snabbt f\u00f6r\u00e5ngas.<br \/><strong>Anv\u00e4ndning:<\/strong><br \/>F\u00f6rdela n\u00e5gra droppar i handflatorna.<br \/>Applicera i handdukstorkat h\u00e5r f\u00f6re f\u00f6ning.<br \/>F\u00f6na och styla enligt \u00f6nskem\u00e5l.<br \/><strong>Tips:<\/strong><br \/>F\u00f6r ytterligare sl\u00e4tt resultat och skydd mot frissigt h\u00e5r kan du stryka en liten m\u00e4ngd i torrt h\u00e5r efter f\u00f6ning.<br \/>100ml<\/p>\n","protected":false},"excerpt":{"rendered":"<p>Schwarzkopf Bonacure Oil Miracle Finish Treatment 100ml<\/p>\n","protected":false},"featured_media":1537,"comment_status":"closed","ping_status":"open","template":"","meta":{"_monsterinsights_skip_tracking":false,"_monsterinsights_sitenote_active":false,"_monsterinsights_sitenote_note":"","_monsterinsights_sitenote_category":0},"hair-type":[],"manufacturer":[112],"_links":{"self":[{"href":"https:\/\/glamaholic.shop\/new\/wp-json\/wp\/v2\/product\/4118"}],"collection":[{"href":"https:\/\/glamaholic.shop\/new\/wp-json\/wp\/v2\/product"}],"about":[{"href":"https:\/\/glamaholic.shop\/new\/wp-json\/wp\/v2\/types\/product"}],"replies":[{"embeddable":true,"href":"https:\/\/glamaholic.shop\/new\/wp-json\/wp\/v2\/comments?post=4118"}],"wp:featuredmedia":[{"embeddable":true,"href":"https:\/\/glamaholic.shop\/new\/wp-json\/wp\/v2\/media\/1537"}],"wp:attachment":[{"href":"https:\/\/glamaholic.shop\/new\/wp-json\/wp\/v2\/media?parent=4118"}],"wp:term":[{"taxonomy":"hair-type","embeddable":true,"href":"https:\/\/glamaholic.shop\/new\/wp-json\/wp\/v2\/hair-type?post=4118"},{"taxonomy":"manufacturer","embeddable":true,"href":"https:\/\/glamaholic.shop\/new\/wp-json\/wp\/v2\/manufacturer?post=4118"}],"curies":[{"name":"wp","href":"https:\/\/api.w.org\/{rel}","templated":true}]}}