{"id":3979,"date":"2021-05-20T01:42:09","date_gmt":"2021-05-20T01:42:09","guid":{"rendered":"http:\/\/glamaholic.shop\/new\/product\/ref-moisture-shampo\/"},"modified":"2021-05-20T01:42:12","modified_gmt":"2021-05-20T01:42:12","slug":"ref-moisture-shampo","status":"publish","type":"product","link":"https:\/\/glamaholic.shop\/new\/product\/ref-moisture-shampo\/","title":{"rendered":"REF. Moisture shampo"},"content":{"rendered":"<p>Moisture Shampoo 443<br \/> Ett fuktgivande schampo med tamanuoil och silkesprotein f\u00f6rr torrt och skadat h\u00e5r. Reparerar och g\u00f6r h\u00e5ret naturligt mjukt och gl\u00e4nsande.<br \/> A shampoo with silk protein that re-moisturises dry and damaged hair. Restores and preserves moisture to keep your hair naturally soft and smooth as silk.<br \/> REF &#8211; Professionella h\u00e5rprodukter f\u00f6r h\u00e5rv\u00e5rd och styling. Oavsett om ditt behov \u00e4r mer energi, st\u00f6rre volym eller b\u00e4ttre kontroll s\u00e5 har REF en l\u00f6sning.<\/p>\n<p> 300ml<\/p>\n","protected":false},"excerpt":{"rendered":"<p>REF. Moisture shampo<\/p>\n","protected":false},"featured_media":1259,"comment_status":"closed","ping_status":"open","template":"","meta":{"_monsterinsights_skip_tracking":false,"_monsterinsights_sitenote_active":false,"_monsterinsights_sitenote_note":"","_monsterinsights_sitenote_category":0},"hair-type":[98],"manufacturer":[110],"_links":{"self":[{"href":"https:\/\/glamaholic.shop\/new\/wp-json\/wp\/v2\/product\/3979"}],"collection":[{"href":"https:\/\/glamaholic.shop\/new\/wp-json\/wp\/v2\/product"}],"about":[{"href":"https:\/\/glamaholic.shop\/new\/wp-json\/wp\/v2\/types\/product"}],"replies":[{"embeddable":true,"href":"https:\/\/glamaholic.shop\/new\/wp-json\/wp\/v2\/comments?post=3979"}],"wp:featuredmedia":[{"embeddable":true,"href":"https:\/\/glamaholic.shop\/new\/wp-json\/wp\/v2\/media\/1259"}],"wp:attachment":[{"href":"https:\/\/glamaholic.shop\/new\/wp-json\/wp\/v2\/media?parent=3979"}],"wp:term":[{"taxonomy":"hair-type","embeddable":true,"href":"https:\/\/glamaholic.shop\/new\/wp-json\/wp\/v2\/hair-type?post=3979"},{"taxonomy":"manufacturer","embeddable":true,"href":"https:\/\/glamaholic.shop\/new\/wp-json\/wp\/v2\/manufacturer?post=3979"}],"curies":[{"name":"wp","href":"https:\/\/api.w.org\/{rel}","templated":true}]}}