{"id":3930,"date":"2021-05-20T01:42:03","date_gmt":"2021-05-20T01:42:03","guid":{"rendered":"http:\/\/glamaholic.shop\/new\/product\/matrix-biolage-fiberstrong-shampoo-1l\/"},"modified":"2021-05-20T01:42:04","modified_gmt":"2021-05-20T01:42:04","slug":"matrix-biolage-fiberstrong-shampoo-1l","status":"publish","type":"product","link":"https:\/\/glamaholic.shop\/new\/product\/matrix-biolage-fiberstrong-shampoo-1l\/","title":{"rendered":"Matrix Biolage FiberStrong Shampoo 1L"},"content":{"rendered":"<p><span>Shampoo som skonsamt reng\u00f6r och st\u00e4rker skadat\/k\u00e4nsligt h\u00e5r med Intra-Cylane&amp;trade och bambu. Ger h\u00e5ret b\u00e4ttre motst\u00e5ndskraft och naturlig glans. Utan parabener.<\/span><br \/><span>Upplev nya Biolage Fiberstrong f\u00f6r 12x starkare h\u00e5r.* Fiberstrong kombinerar naturens tillg\u00e5ngar med den senaste teknologin f\u00f6r djupg\u00e5ende v\u00e5rd av skadat h\u00e5r. Den unika formulan med bambuextrakt och Intra-Cylane&amp;trade \u00e4r framtagen f\u00f6r att st\u00e4rka skadat\/k\u00e4nsligt h\u00e5r och ge det ny sp\u00e4nst, styrka, v\u00e5rd och mjukhet.<\/span><br \/><span>v\u00e4lk\u00e4nd f\u00f6r&nbsp;sin styrka och motst\u00e5ndskraft med den unika f\u00f6rm\u00e5gan att v\u00e4xa i en&nbsp;extraordin\u00e4rt snabb fart. Bambuextraktet i Fiberstrong \u00f6kar h\u00e5rets motst\u00e5ndskraft och sp\u00e4nst samt f\u00f6rebygger avbrutna h\u00e5rstr\u00e5n.<\/span><br \/><strong>Intra-Cylane&amp;trade &#8211;&nbsp;<\/strong><span>En unik innovativ molekyl som st\u00e4rker f\u00f6rsvagat h\u00e5r och fyller skadorna p\u00e5 fj\u00e4llskiktet.<\/span><br \/><span>*G\u00e4ller vid anv\u00e4ndning av Shampoo, Masque och Leave-in<\/span><br \/><strong>Anv\u00e4ndning:&nbsp;<br \/><\/strong><span>Applicera i&nbsp;v\u00e5tt h\u00e5r och massera in noggrant. Sk\u00f6lj v\u00e4l. Repetera om n\u00f6dv\u00e4ndigt. Forts\u00e4tt med Fiberstrong Conditioner eller Masque.<br \/><\/span>1000ml<\/p>\n","protected":false},"excerpt":{"rendered":"<p>Matrix Biolage FiberStrong Shampoo 1L<\/p>\n","protected":false},"featured_media":1161,"comment_status":"closed","ping_status":"open","template":"","meta":{"_monsterinsights_skip_tracking":false,"_monsterinsights_sitenote_active":false,"_monsterinsights_sitenote_note":"","_monsterinsights_sitenote_category":0},"hair-type":[88],"manufacturer":[105],"_links":{"self":[{"href":"https:\/\/glamaholic.shop\/new\/wp-json\/wp\/v2\/product\/3930"}],"collection":[{"href":"https:\/\/glamaholic.shop\/new\/wp-json\/wp\/v2\/product"}],"about":[{"href":"https:\/\/glamaholic.shop\/new\/wp-json\/wp\/v2\/types\/product"}],"replies":[{"embeddable":true,"href":"https:\/\/glamaholic.shop\/new\/wp-json\/wp\/v2\/comments?post=3930"}],"wp:featuredmedia":[{"embeddable":true,"href":"https:\/\/glamaholic.shop\/new\/wp-json\/wp\/v2\/media\/1161"}],"wp:attachment":[{"href":"https:\/\/glamaholic.shop\/new\/wp-json\/wp\/v2\/media?parent=3930"}],"wp:term":[{"taxonomy":"hair-type","embeddable":true,"href":"https:\/\/glamaholic.shop\/new\/wp-json\/wp\/v2\/hair-type?post=3930"},{"taxonomy":"manufacturer","embeddable":true,"href":"https:\/\/glamaholic.shop\/new\/wp-json\/wp\/v2\/manufacturer?post=3930"}],"curies":[{"name":"wp","href":"https:\/\/api.w.org\/{rel}","templated":true}]}}