{"id":3919,"date":"2021-05-20T01:42:00","date_gmt":"2021-05-20T01:42:00","guid":{"rendered":"http:\/\/glamaholic.shop\/new\/product\/matrix-biolage-exquisteoil-micro-oil-shampoo\/"},"modified":"2021-05-20T01:42:03","modified_gmt":"2021-05-20T01:42:03","slug":"matrix-biolage-exquisteoil-micro-oil-shampoo","status":"publish","type":"product","link":"https:\/\/glamaholic.shop\/new\/product\/matrix-biolage-exquisteoil-micro-oil-shampoo\/","title":{"rendered":"Matrix Biolage ExquisteOil Micro-Oil Shampoo"},"content":{"rendered":"<p>Tv\u00e4ttar och v\u00e5rdar h\u00e5ret med hj\u00e4lp av l\u00e4ttviktsoljor. En formula med en blandning av olja fr\u00e5n macadamia, kokosn\u00f6t och mandel \u00e5teruppbygger h\u00e5ret s\u00e5 det blir silkeslent.<br \/>250ml&nbsp;<\/p>\n","protected":false},"excerpt":{"rendered":"<p>Matrix Biolage ExquisteOil Micro-Oil Shampoo<\/p>\n","protected":false},"featured_media":1139,"comment_status":"closed","ping_status":"open","template":"","meta":{"_monsterinsights_skip_tracking":false,"_monsterinsights_sitenote_active":false,"_monsterinsights_sitenote_note":"","_monsterinsights_sitenote_category":0},"hair-type":[83],"manufacturer":[105],"_links":{"self":[{"href":"https:\/\/glamaholic.shop\/new\/wp-json\/wp\/v2\/product\/3919"}],"collection":[{"href":"https:\/\/glamaholic.shop\/new\/wp-json\/wp\/v2\/product"}],"about":[{"href":"https:\/\/glamaholic.shop\/new\/wp-json\/wp\/v2\/types\/product"}],"replies":[{"embeddable":true,"href":"https:\/\/glamaholic.shop\/new\/wp-json\/wp\/v2\/comments?post=3919"}],"wp:featuredmedia":[{"embeddable":true,"href":"https:\/\/glamaholic.shop\/new\/wp-json\/wp\/v2\/media\/1139"}],"wp:attachment":[{"href":"https:\/\/glamaholic.shop\/new\/wp-json\/wp\/v2\/media?parent=3919"}],"wp:term":[{"taxonomy":"hair-type","embeddable":true,"href":"https:\/\/glamaholic.shop\/new\/wp-json\/wp\/v2\/hair-type?post=3919"},{"taxonomy":"manufacturer","embeddable":true,"href":"https:\/\/glamaholic.shop\/new\/wp-json\/wp\/v2\/manufacturer?post=3919"}],"curies":[{"name":"wp","href":"https:\/\/api.w.org\/{rel}","templated":true}]}}