{"id":3918,"date":"2021-05-20T01:42:00","date_gmt":"2021-05-20T01:42:00","guid":{"rendered":"http:\/\/glamaholic.shop\/new\/product\/matrix-biolage-fiberstrong-shampoo-conditioner\/"},"modified":"2021-05-20T01:42:02","modified_gmt":"2021-05-20T01:42:02","slug":"matrix-biolage-fiberstrong-shampoo-conditioner","status":"publish","type":"product","link":"https:\/\/glamaholic.shop\/new\/product\/matrix-biolage-fiberstrong-shampoo-conditioner\/","title":{"rendered":"Matrix Biolage FiberStrong Shampoo + Conditioner"},"content":{"rendered":"<p>Som skonsamt reng\u00f6r och st\u00e4rker skadat\/k\u00e4nsligt h\u00e5r med Intra-Cylane&amp;trade och bambu. Ger h\u00e5ret b\u00e4ttre motst\u00e5ndskraft och naturlig glans. Utan parabener.<br \/>Upplev nya Biolage Fiberstrong f\u00f6r 12x starkare h\u00e5r.* Fiberstrong kombinerar naturens tillg\u00e5ngar med den senaste teknologin f\u00f6r djupg\u00e5ende v\u00e5rd av skadat h\u00e5r. Den unika formulan med bambuextrakt och Intra-Cylane&amp;trade \u00e4r framtagen f\u00f6r att st\u00e4rka skadat\/k\u00e4nsligt h\u00e5r och ge det ny sp\u00e4nst, styrka, v\u00e5rd och mjukhet.<br \/><strong>Bambu &#8211;&nbsp;<\/strong>v\u00e4lk\u00e4nd f\u00f6r&nbsp;sin styrka och motst\u00e5ndskraft med den unika f\u00f6rm\u00e5gan att v\u00e4xa i en&nbsp;extraordin\u00e4rt snabb fart. Bambuextraktet i Fiberstrong \u00f6kar h\u00e5rets motst\u00e5ndskraft och sp\u00e4nst samt f\u00f6rebygger avbrutna h\u00e5rstr\u00e5n.<br \/><strong>Intra-Cylane&amp;trade &#8211;&nbsp;<\/strong>En unik innovativ molekyl som st\u00e4rker f\u00f6rsvagat h\u00e5r och fyller skadorna p\u00e5 fj\u00e4llskiktet.<br \/>*G\u00e4ller vid anv\u00e4ndning av Shampoo, Masque och Leave-in<br \/><strong>Anv\u00e4ndning:&nbsp;<br \/><\/strong>Applicera i&nbsp;v\u00e5tt h\u00e5r och massera in noggrant. Sk\u00f6lj v\u00e4l. Repetera om n\u00f6dv\u00e4ndigt. Forts\u00e4tt med Fiberstrong Conditioner eller Masque.<br \/>250ml<\/p>\n<p><strong>Balsam:<\/strong><br \/>F\u00f6r skadat\/k\u00e4nsligt h\u00e5r. Hj\u00e4lper till att reda ut h\u00e5ret, st\u00e4rka och tillf\u00f6ra fukt f\u00f6r att f\u00f6rebygga avbrutna h\u00e5rstr\u00e5n och ge ett mjukt resultat. Utan parabener.<br \/>Upplev nya Biolage Fiberstrong f\u00f6r 12x starkare h\u00e5r.* Fiberstrong kombinerar naturens tillg\u00e5ngar med den senaste teknologin f\u00f6r djupg\u00e5ende v\u00e5rd av skadat h\u00e5r. Den unika formulan med bambuextrakt och Intra-Cylane&amp;trade \u00e4r framtagen f\u00f6r att st\u00e4rka skadat\/k\u00e4nsligt h\u00e5r och ge det ny sp\u00e4nst, styrka, v\u00e5rd och mjukhet.<\/p>\n<p><strong>Bambu &#8211;&nbsp;<\/strong>v\u00e4lk\u00e4nd f\u00f6r&nbsp;sin styrka och motst\u00e5ndskraft med den unika f\u00f6rm\u00e5gan att v\u00e4xa i en&nbsp;extraordin\u00e4rt snabb fart. Bambuextraktet i Fiberstrong \u00f6kar h\u00e5rets motst\u00e5ndskraft och sp\u00e4nst samt f\u00f6rebygger avbrutna h\u00e5rstr\u00e5n.<\/p>\n<p><strong>Intra-Cylane&amp;trade &#8211;&nbsp;<\/strong>En unik innovativ molekyl som st\u00e4rker f\u00f6rsvagat h\u00e5r och fyller skadorna p\u00e5 fj\u00e4llskiktet.<\/p>\n<p>*G\u00e4ller vid anv\u00e4ndning av Shampoo, Masque och Leave-in<br \/><strong>Anv\u00e4ndning:<br \/><\/strong>Applicera i fuktigt nytv\u00e4ttat h\u00e5r efter anv\u00e4ndning av Fiberstrong Shampoo.&nbsp;Massera in&nbsp;nogrannt och varsamt. L\u00e5t&nbsp;sitta i&nbsp;h\u00e5ret i minst 1 minut, sk\u00f6lj v\u00e4l.<br \/>200ml&nbsp;<\/p>\n","protected":false},"excerpt":{"rendered":"<p>Matrix Biolage FiberStrong Shampoo + Conditioner<\/p>\n","protected":false},"featured_media":1137,"comment_status":"closed","ping_status":"open","template":"","meta":{"_monsterinsights_skip_tracking":false,"_monsterinsights_sitenote_active":false,"_monsterinsights_sitenote_note":"","_monsterinsights_sitenote_category":0},"hair-type":[],"manufacturer":[105],"_links":{"self":[{"href":"https:\/\/glamaholic.shop\/new\/wp-json\/wp\/v2\/product\/3918"}],"collection":[{"href":"https:\/\/glamaholic.shop\/new\/wp-json\/wp\/v2\/product"}],"about":[{"href":"https:\/\/glamaholic.shop\/new\/wp-json\/wp\/v2\/types\/product"}],"replies":[{"embeddable":true,"href":"https:\/\/glamaholic.shop\/new\/wp-json\/wp\/v2\/comments?post=3918"}],"wp:featuredmedia":[{"embeddable":true,"href":"https:\/\/glamaholic.shop\/new\/wp-json\/wp\/v2\/media\/1137"}],"wp:attachment":[{"href":"https:\/\/glamaholic.shop\/new\/wp-json\/wp\/v2\/media?parent=3918"}],"wp:term":[{"taxonomy":"hair-type","embeddable":true,"href":"https:\/\/glamaholic.shop\/new\/wp-json\/wp\/v2\/hair-type?post=3918"},{"taxonomy":"manufacturer","embeddable":true,"href":"https:\/\/glamaholic.shop\/new\/wp-json\/wp\/v2\/manufacturer?post=3918"}],"curies":[{"name":"wp","href":"https:\/\/api.w.org\/{rel}","templated":true}]}}