{"id":3909,"date":"2021-05-20T01:42:00","date_gmt":"2021-05-20T01:42:00","guid":{"rendered":"http:\/\/glamaholic.shop\/new\/product\/matrix-biolage-hydrasource-shampoo-detangling-solution-1l-x2\/"},"modified":"2021-05-20T01:42:01","modified_gmt":"2021-05-20T01:42:01","slug":"matrix-biolage-hydrasource-shampoo-detangling-solution-1l-x2","status":"publish","type":"product","link":"https:\/\/glamaholic.shop\/new\/product\/matrix-biolage-hydrasource-shampoo-detangling-solution-1l-x2\/","title":{"rendered":"Matrix Biolage HydraSource Shampoo &#038; Detangling Solution 1L x2"},"content":{"rendered":"<p>Uppt\u00e4ck Biolage kompletta utbud av professionell h\u00e5rv\u00e5rd f\u00f6r ett salongsvackert h\u00e5r. Biolage tar till vara p\u00e5 naturens vitalaste extrakt f\u00f6r att behandla, v\u00e5rda och \u00e5teruppbygga h\u00e5rets naturliga glans och sk\u00f6nhet. Biolage har funnits i Sverige sedan \u00e5r 1990 och utvecklas st\u00e4ndigt f\u00f6r att vara r\u00e4tt i tiden. Under v\u00e5ren kommer hela Biolage genomg\u00e5 en uppfr\u00e4schning och resultatet kan ni se h\u00e4r i produktguiden. Den unika formulan i Biolage bevaras och f\u00f6rbinder natur och teknologi i perfekt harmoni.<br \/>Likt en fuktrik Aloe-vera planta, kan h\u00e5ret nu k\u00e4nnas \u00e5terfuktat.<\/p>\n<p>Upplev upp till 15x mer \u00e5terfuktat h\u00e5r efter 1 applikation*<br \/>* Vid anv\u00e4ndning av HydraSource shampoo, conditioner och leave-in tonic.&nbsp;<\/p>\n<p><strong>En innovation inom fuktgivande h\u00e5rv\u00e5rd:<\/strong><br \/>Ger torrt och t\u00f6rstigt h\u00e5r v\u00e5rd med en unik formula som efterliknar defuktbevarande egenskaperna hos Aloe Vera-plantan. HydraSource \u00e5terst\u00e4llerfuktniv\u00e5erna i h\u00e5ret och optimerar h\u00e5rets absorberingsf\u00f6rm\u00e5ga och tillgodag\u00f6rande av fukt.<\/p>\n<p><strong>Aloe Vera, naturligt \u00e5terfuktande, hemligheten?<\/strong><br \/>Genom att lagra vatten i sina tjocka, vaxliknande blad, h\u00e5ller Aloe Vera v\u00e4xten en 97% fukthalt. F\u00f6rm\u00e5gan att h\u00e5lla kvar fukten g\u00f6r att den kan \u00f6verleva l\u00e5nga perioder av torrhet utan regn.<\/p>\n<p>Inneh\u00e5ller:<br \/>Matrix Biolage HydraSource Shampoo 1000ml<br \/>Matrix Biolage HydraSource Detangling Solution 1000ml<\/p>\n","protected":false},"excerpt":{"rendered":"<p>Matrix Biolage HydraSource Shampoo &#038; Detangling Solution 1L x2<\/p>\n","protected":false},"featured_media":1119,"comment_status":"closed","ping_status":"open","template":"","meta":{"_monsterinsights_skip_tracking":false,"_monsterinsights_sitenote_active":false,"_monsterinsights_sitenote_note":"","_monsterinsights_sitenote_category":0},"hair-type":[],"manufacturer":[105],"_links":{"self":[{"href":"https:\/\/glamaholic.shop\/new\/wp-json\/wp\/v2\/product\/3909"}],"collection":[{"href":"https:\/\/glamaholic.shop\/new\/wp-json\/wp\/v2\/product"}],"about":[{"href":"https:\/\/glamaholic.shop\/new\/wp-json\/wp\/v2\/types\/product"}],"replies":[{"embeddable":true,"href":"https:\/\/glamaholic.shop\/new\/wp-json\/wp\/v2\/comments?post=3909"}],"wp:featuredmedia":[{"embeddable":true,"href":"https:\/\/glamaholic.shop\/new\/wp-json\/wp\/v2\/media\/1119"}],"wp:attachment":[{"href":"https:\/\/glamaholic.shop\/new\/wp-json\/wp\/v2\/media?parent=3909"}],"wp:term":[{"taxonomy":"hair-type","embeddable":true,"href":"https:\/\/glamaholic.shop\/new\/wp-json\/wp\/v2\/hair-type?post=3909"},{"taxonomy":"manufacturer","embeddable":true,"href":"https:\/\/glamaholic.shop\/new\/wp-json\/wp\/v2\/manufacturer?post=3909"}],"curies":[{"name":"wp","href":"https:\/\/api.w.org\/{rel}","templated":true}]}}