{"id":3722,"date":"2021-05-20T01:37:13","date_gmt":"2021-05-20T01:37:13","guid":{"rendered":"http:\/\/glamaholic.shop\/new\/product\/wella-color-touch-6-7-deep-brown\/"},"modified":"2021-05-20T01:37:14","modified_gmt":"2021-05-20T01:37:14","slug":"wella-color-touch-6-7-deep-brown","status":"publish","type":"product","link":"https:\/\/glamaholic.shop\/new\/product\/wella-color-touch-6-7-deep-brown\/","title":{"rendered":"Wella Color Touch 6\/7 Deep Brown"},"content":{"rendered":"<p> <strong>Multidimensionell intensivtoning.<\/strong><br \/> Color Touch ger en unik kombination av effektiv<br \/> glans och skimrande f\u00e4rger tack vare Ligh Color <br \/> Complex som best\u00e5r av naturligt vax och fiber-<br \/> proteiner. <\/p>\n<p> Color Touch \u00e4r:<br \/> Fri fr\u00e5n ammoniak<br \/> L\u00e4tt att anv\u00e4nda<br \/> och ger upp till 63% mer glans j\u00e4mf\u00f6rt med<br \/> obehandlat h\u00e5r.<\/p>\n<p> <strong>Inneh\u00e5ller:<\/strong><br \/> 1 tub Color Touch 40ml<br \/> 1 Applikatorflaska med emulsion (1.9%) 80ml<br \/> 1 Lifetex nutri care efterbehandling 10ml<br \/> 1 par handskar<\/p>\n<p> <strong>Bruksanvisning:<\/strong><br \/> F\u00e4rgen kommer gradvis att tv\u00e4ttas ur och d\u00e4rmed syns<br \/> ingen utv\u00e4xt om du v\u00e4ljer en nyans som ligger n\u00e4ra din<br \/> naturliga h\u00e5rf\u00e4rg.<\/p>\n<p> <strong>A. F\u00f6rsta appliceringen av Color Touch<\/strong><\/p>\n<p> <strong>1. F\u00f6rberedelse<\/strong><br \/> Tv\u00e4tta h\u00e5ret med ett milt Wella-schampo pch torka<br \/> noggrant med handduk. Ta p\u00e5 de medf\u00f6ljande<br \/> plasthandskarna. Skydda kl\u00e4derna med en handduk.<br \/> \u00d6ppna appliceringsflaskan och tryck ut hela inneh\u00e5llet i<br \/> Color Cream-tuben i appliceringsflaskan.<\/p>\n<p> <strong>2. Applicering<\/strong><br \/> Skaka flaskan noggrant f\u00f6r att blanda, skruva bort toppen<br \/> p\u00e5 appliceringsflaskan och b\u00f6rja genast applicera. B\u00f6rja<br \/> applicera fr\u00e5n mitten av huvudet och bak\u00e5t mot nacken.<br \/> D\u00e4refter applicerar du mot ansiktet. N\u00e4r blandningen \u00e4r <br \/> f\u00f6rdelad i hela h\u00e5ret, kamma igenom f\u00f6r ett j\u00e4mnare<br \/> resultat.<\/p>\n<p> <strong>3. Verkningstid<\/strong><br \/> L\u00e5t f\u00e4rgen verka i 20 minuter. Om h\u00e5ret \u00e4r permanentat, <br \/> por\u00f6st eller redan f\u00e4rgat rekommenderar vi att f\u00e4rgen f\u00e5r<br \/> verka i 15 minuter. Ju l\u00e4ngre verkningstid, desto mer<br \/> intensivt f\u00e4rgresultat.<\/p>\n<p> <strong>4. Sk\u00f6ljning<\/strong><br \/> Tills\u00e4tt varmt vatten i h\u00e5ret och arbeta upp ett skum.<br \/> Massera h\u00e5rf\u00e4stet och h\u00e5rbotten f\u00f6rsiktigt. SK\u00f6lj noggrant<br \/> tills vattnet \u00e4r klart. Schamponera \u00e4nnu en g\u00e5ng vi behov.<\/p>\n<p> <strong>5. Efterbehandling<\/strong><br \/> Handdukstorka h\u00e5ret. F\u00f6rdela Lifetex Color Nutrition<br \/> Intensive Mask j\u00e4mnt i h\u00e5ret. Det ger h\u00e5ret en vacker glans<br \/> och textur och g\u00f6r att nyansen och livfullheten i f\u00e4rgen<br \/> varar l\u00e4ngre. L\u00e5t verka i 5 minuter och sk\u00f6lj sedan noggrant.<br \/> F\u00f6r att den vackar nyansen och den livfulla glansen ska<br \/> vara s\u00e5 l\u00e4nge som m\u00f6jligt rekommenderar vi att du <br \/> anv\u00e4nder System Professional 1.8 Color Saver Shampoo<br \/> och 2.8 Color Saver Mousse eller Lifetex Color Nutrition<br \/> Shampoo och Lifetex Color Nutrition Mousse Conditioner.<\/p>\n<p> <strong>Tips<\/strong><\/p>\n<p> Color Touch b\u00f6r inte anv\u00e4ndas p\u00e5 blekt eller slingat h\u00e5r,<br \/> eller p\u00e5 h\u00e5r med stor andel vita h\u00e5rstr\u00e5nm d\u00e5 resultatet<br \/> kan bli mer intensivt och ett annat \u00e4n det f\u00f6rv\u00e4ntade.<\/p>\n<p> Ett j\u00e4mnt resultat kan uppn\u00e5s p\u00e5 torrt och por\u00f6st h\u00e5r om<br \/> man f\u00f6rst applicerar f\u00e4rgen vid h\u00e5rr\u00f6tterna och sedan p\u00e5 <br \/> 2\/3 av l\u00e4ngden. Arbeta in \u00e5terst\u00e5ende f\u00e4rg i topparna<br \/> efter 5-10 minuter. L\u00e5t f\u00e4rgen verka i 10 minuter. Om du<br \/> \u00e4r os\u00e4ker kan du testa p\u00e5 en h\u00e5rslinga innan anv\u00e4ndning.<\/p>\n<p> Om h\u00e5ret \u00e4r v\u00e4ldigt tjockt och kraftigt kan du ut\u00f6ka<br \/> verkningstiden med 5-10 minuter. Vi rekomenderar att<br \/> du i s\u00e5 fall anv\u00e4nder 2 f\u00f6rpackningar Color Toch f\u00f6rst<br \/> g\u00e5ngen du anv\u00e4nder Color Tocuh.<\/p>\n","protected":false},"excerpt":{"rendered":"<p>Wella Color Touch 6\/7 Deep Brown<\/p>\n","protected":false},"featured_media":744,"comment_status":"closed","ping_status":"open","template":"","meta":{"_monsterinsights_skip_tracking":false,"_monsterinsights_sitenote_active":false,"_monsterinsights_sitenote_note":"","_monsterinsights_sitenote_category":0},"hair-type":[],"manufacturer":[78],"_links":{"self":[{"href":"https:\/\/glamaholic.shop\/new\/wp-json\/wp\/v2\/product\/3722"}],"collection":[{"href":"https:\/\/glamaholic.shop\/new\/wp-json\/wp\/v2\/product"}],"about":[{"href":"https:\/\/glamaholic.shop\/new\/wp-json\/wp\/v2\/types\/product"}],"replies":[{"embeddable":true,"href":"https:\/\/glamaholic.shop\/new\/wp-json\/wp\/v2\/comments?post=3722"}],"wp:featuredmedia":[{"embeddable":true,"href":"https:\/\/glamaholic.shop\/new\/wp-json\/wp\/v2\/media\/744"}],"wp:attachment":[{"href":"https:\/\/glamaholic.shop\/new\/wp-json\/wp\/v2\/media?parent=3722"}],"wp:term":[{"taxonomy":"hair-type","embeddable":true,"href":"https:\/\/glamaholic.shop\/new\/wp-json\/wp\/v2\/hair-type?post=3722"},{"taxonomy":"manufacturer","embeddable":true,"href":"https:\/\/glamaholic.shop\/new\/wp-json\/wp\/v2\/manufacturer?post=3722"}],"curies":[{"name":"wp","href":"https:\/\/api.w.org\/{rel}","templated":true}]}}