{"id":3668,"date":"2021-05-20T01:37:00","date_gmt":"2021-05-20T01:37:00","guid":{"rendered":"http:\/\/glamaholic.shop\/new\/product\/kevin-murphy-color-bug-purple\/"},"modified":"2021-05-20T01:37:02","modified_gmt":"2021-05-20T01:37:02","slug":"kevin-murphy-color-bug-purple","status":"publish","type":"product","link":"https:\/\/glamaholic.shop\/new\/product\/kevin-murphy-color-bug-purple\/","title":{"rendered":"Kevin Murphy Color Bug Purple"},"content":{"rendered":"<p>Omedelbar f\u00e4rgf\u00f6r\u00e4ndring<br \/>Whipe on\/ whipe off, l\u00e4tt att ta bort<br \/>\u00c4ndra din h\u00e5rf\u00e4rg lika snabbt som du \u00e4ndrar din make-up.<br \/>5g<\/p>\n","protected":false},"excerpt":{"rendered":"<p>Kevin Murphy Color Bug Purple<\/p>\n","protected":false},"featured_media":636,"comment_status":"closed","ping_status":"open","template":"","meta":{"_monsterinsights_skip_tracking":false,"_monsterinsights_sitenote_active":false,"_monsterinsights_sitenote_note":"","_monsterinsights_sitenote_category":0},"hair-type":[],"manufacturer":[96],"_links":{"self":[{"href":"https:\/\/glamaholic.shop\/new\/wp-json\/wp\/v2\/product\/3668"}],"collection":[{"href":"https:\/\/glamaholic.shop\/new\/wp-json\/wp\/v2\/product"}],"about":[{"href":"https:\/\/glamaholic.shop\/new\/wp-json\/wp\/v2\/types\/product"}],"replies":[{"embeddable":true,"href":"https:\/\/glamaholic.shop\/new\/wp-json\/wp\/v2\/comments?post=3668"}],"wp:featuredmedia":[{"embeddable":true,"href":"https:\/\/glamaholic.shop\/new\/wp-json\/wp\/v2\/media\/636"}],"wp:attachment":[{"href":"https:\/\/glamaholic.shop\/new\/wp-json\/wp\/v2\/media?parent=3668"}],"wp:term":[{"taxonomy":"hair-type","embeddable":true,"href":"https:\/\/glamaholic.shop\/new\/wp-json\/wp\/v2\/hair-type?post=3668"},{"taxonomy":"manufacturer","embeddable":true,"href":"https:\/\/glamaholic.shop\/new\/wp-json\/wp\/v2\/manufacturer?post=3668"}],"curies":[{"name":"wp","href":"https:\/\/api.w.org\/{rel}","templated":true}]}}