{"id":3658,"date":"2021-05-20T01:37:00","date_gmt":"2021-05-20T01:37:00","guid":{"rendered":"http:\/\/glamaholic.shop\/new\/product\/goldwell-color-styling-mousse-8na\/"},"modified":"2021-05-20T01:37:01","modified_gmt":"2021-05-20T01:37:01","slug":"goldwell-color-styling-mousse-8na","status":"publish","type":"product","link":"https:\/\/glamaholic.shop\/new\/product\/goldwell-color-styling-mousse-8na\/","title":{"rendered":"Goldwell Color Styling Mousse 8NA"},"content":{"rendered":"<p>Byt h\u00e5rf\u00e4rg f\u00f6r en dag!<br \/>Color Styling Mousse \u00e4r som en vanlig mousse som f\u00f6rutom l\u00e4tt st\u00f6d och volym \u00e4ven ger h\u00e5ret f\u00e4rg. F\u00e4rgen sitter till n\u00e4sta tv\u00e4tt vilket g\u00f6r Color Styling Mousse till det perfekta s\u00e4ttet att prova en ny f\u00e4rg f\u00f6r en dag!Color Styling Mousse finns i 18 olika nyanser:&nbsp;PA, P, 5N, 6N, 5B, 6RB, 6KR, 7G, 7N, 8GB, 8NA, 8A, 9N, 9P och REF.&nbsp;<\/p>\n<ul>\n<li>Ger lysande och gl\u00e4nsande effekter<\/li>\n<li>H\u00e5ller till n\u00e4sta schamponering, kan i torrt och slitet h\u00e5r \u00e4ven h\u00e5lla lite l\u00e4ngre<\/li>\n<li>Skyddar h\u00e5ret fr\u00e5n uttorkning under t.ex. f\u00f6ning<\/li>\n<\/ul>\n<p><strong>Anv\u00e4ndning:&nbsp;<\/strong><br \/>Applicera med hj\u00e4lp av h\u00e4nderna, borste eller kam, precis som en vanlig mousse. Droppar inte och sk\u00f6ljs inte ur.<br \/>75ml<\/p>\n","protected":false},"excerpt":{"rendered":"<p>Goldwell Color Styling Mousse 8NA<\/p>\n","protected":false},"featured_media":556,"comment_status":"closed","ping_status":"open","template":"","meta":{"_monsterinsights_skip_tracking":false,"_monsterinsights_sitenote_active":false,"_monsterinsights_sitenote_note":"","_monsterinsights_sitenote_category":0},"hair-type":[91],"manufacturer":[92],"_links":{"self":[{"href":"https:\/\/glamaholic.shop\/new\/wp-json\/wp\/v2\/product\/3658"}],"collection":[{"href":"https:\/\/glamaholic.shop\/new\/wp-json\/wp\/v2\/product"}],"about":[{"href":"https:\/\/glamaholic.shop\/new\/wp-json\/wp\/v2\/types\/product"}],"replies":[{"embeddable":true,"href":"https:\/\/glamaholic.shop\/new\/wp-json\/wp\/v2\/comments?post=3658"}],"wp:featuredmedia":[{"embeddable":true,"href":"https:\/\/glamaholic.shop\/new\/wp-json\/wp\/v2\/media\/556"}],"wp:attachment":[{"href":"https:\/\/glamaholic.shop\/new\/wp-json\/wp\/v2\/media?parent=3658"}],"wp:term":[{"taxonomy":"hair-type","embeddable":true,"href":"https:\/\/glamaholic.shop\/new\/wp-json\/wp\/v2\/hair-type?post=3658"},{"taxonomy":"manufacturer","embeddable":true,"href":"https:\/\/glamaholic.shop\/new\/wp-json\/wp\/v2\/manufacturer?post=3658"}],"curies":[{"name":"wp","href":"https:\/\/api.w.org\/{rel}","templated":true}]}}