{"id":3603,"date":"2021-05-20T01:36:52","date_gmt":"2021-05-20T01:36:52","guid":{"rendered":"http:\/\/glamaholic.shop\/new\/product\/tigi-bed-head-dumb-blonde-shampoo-conditioner\/"},"modified":"2021-05-20T01:36:53","modified_gmt":"2021-05-20T01:36:53","slug":"tigi-bed-head-dumb-blonde-shampoo-conditioner","status":"publish","type":"product","link":"https:\/\/glamaholic.shop\/new\/product\/tigi-bed-head-dumb-blonde-shampoo-conditioner\/","title":{"rendered":"Tigi Bed Head Dumb Blonde Shampoo + Conditioner"},"content":{"rendered":"<p><span><br \/>G\u00e5 tillbaka till dina r\u00f6tter med Dumb Blonde pH- balanserade schampoo , med keratin och mj\u00f6lkprotein , f\u00f6r att bidra till \u00e5teruppbyggnaden och ta hand om kemiskt behandlat h\u00e5r .<\/span><br \/><strong>Vad den g\u00f6r:<\/strong><br \/><span>-St\u00e4rker h\u00e5ret och reducerar brott.<\/span><br \/><span>-F\u00f6rb\u00e4ttrar vitalitet och ger glans.<\/span><br \/><strong>Anv\u00e4ndning:<\/strong><br \/><span>Bl\u00f6t h\u00e5ret , l\u00f6ddra och sk\u00f6lj . Anv\u00e4nd dagligen f\u00f6r att rekonstruera och skyddar kemiskt behandlade h\u00e5r . F\u00f6r b\u00e4sta resultat f\u00f6lj med Bed Head Dumb Blonde Reconstructor.<\/span><br \/><strong>Ingredienser:<\/strong><br \/><span>Fibre Actives &#8211; penetrera h\u00e5r fiber och omstrukturera skadade proteiner<\/span><br \/><span>Vitamin E &#8211; Essential n\u00e4rings\u00e4mnen och antioxidanter.&nbsp;<\/span><br \/><span>Hydrolyserat Keratin &#8211; H\u00e5r viktigaste protein . Dokumenterad f\u00f6r att f\u00f6rb\u00e4ttra motst\u00e5ndet mot brott p\u00e5 kemiskt skadat h\u00e5r .<\/span><br \/><span>Silk Powder &#8211; H\u00f6ga fuktabsorberande egenskaper .<br \/><\/span>400ml<\/p>\n<p><strong>Conditioner<\/strong><br \/>F\u00f6r \u00f6verarbetat och kemiskt behandlat h\u00e5r . Denna \u00e5terfuktande Reconstructor anv\u00e4nder Protein Booster Technology &nbsp;f\u00f6r att \u00e5terst\u00e4lla h\u00e5ret , medan balsamet i kombination med mj\u00f6lkextrakt och keratin , skyddar h\u00e5ret externt.<br \/><strong>Vad den g\u00f6r:<\/strong><br \/>Reparationer skadat h\u00e5r internt och minskar tecken p\u00e5 yttre skador.&nbsp;<br \/>H\u00e5r hydratisering.&nbsp;<br \/>Sl\u00e4tar ut och mjukar upp.&nbsp;<br \/>Ger glans och briljans.<\/p>\n<p><strong>Anv\u00e4ndning:<\/strong><br \/>F\u00f6r b\u00e4sta resultat anv\u00e4nd dagligen efter Dumb Blonde Shampoo f\u00f6r att \u00e5teruppbygga och skydda kemiskt behandlat h\u00e5r.<br \/>Ingredienser:<br \/>Protein Booster teknik? &#8211; F\u00f6rb\u00e4ttrar reaktivitet h\u00e5r proteiner.&nbsp;<br \/>Vitamin E &#8211; Essential n\u00e4rings\u00e4mnen och antioxidanter.&nbsp;<br \/>Glycerin &#8211; Ritar i fukt och h\u00e5ller p\u00e5 den f\u00f6r l\u00e5ngvarig \u00e5terfuktning . Hj\u00e4lper till att f\u00f6rhindra h\u00e5ret fr\u00e5n brott orsakade av styling .<br \/>Stearamidopropyl Dimetylamin &#8211; Icke &#8211; silikon balsam starkt anpassade f\u00f6r halta \/ fint h\u00e5r . Mjukar upp och reducerar statisk.<\/p>\n<p>200ml<\/p>\n","protected":false},"excerpt":{"rendered":"<p>Tigi Bed Head Dumb Blonde Shampoo + Conditioner<\/p>\n","protected":false},"featured_media":514,"comment_status":"closed","ping_status":"open","template":"","meta":{"_monsterinsights_skip_tracking":false,"_monsterinsights_sitenote_active":false,"_monsterinsights_sitenote_note":"","_monsterinsights_sitenote_category":0},"hair-type":[],"manufacturer":[114],"_links":{"self":[{"href":"https:\/\/glamaholic.shop\/new\/wp-json\/wp\/v2\/product\/3603"}],"collection":[{"href":"https:\/\/glamaholic.shop\/new\/wp-json\/wp\/v2\/product"}],"about":[{"href":"https:\/\/glamaholic.shop\/new\/wp-json\/wp\/v2\/types\/product"}],"replies":[{"embeddable":true,"href":"https:\/\/glamaholic.shop\/new\/wp-json\/wp\/v2\/comments?post=3603"}],"wp:featuredmedia":[{"embeddable":true,"href":"https:\/\/glamaholic.shop\/new\/wp-json\/wp\/v2\/media\/514"}],"wp:attachment":[{"href":"https:\/\/glamaholic.shop\/new\/wp-json\/wp\/v2\/media?parent=3603"}],"wp:term":[{"taxonomy":"hair-type","embeddable":true,"href":"https:\/\/glamaholic.shop\/new\/wp-json\/wp\/v2\/hair-type?post=3603"},{"taxonomy":"manufacturer","embeddable":true,"href":"https:\/\/glamaholic.shop\/new\/wp-json\/wp\/v2\/manufacturer?post=3603"}],"curies":[{"name":"wp","href":"https:\/\/api.w.org\/{rel}","templated":true}]}}