{"id":3602,"date":"2021-05-20T01:36:52","date_gmt":"2021-05-20T01:36:52","guid":{"rendered":"http:\/\/glamaholic.shop\/new\/product\/tigi-bed-head-dumb-blonde-conditioner\/"},"modified":"2021-05-20T01:36:53","modified_gmt":"2021-05-20T01:36:53","slug":"tigi-bed-head-dumb-blonde-conditioner","status":"publish","type":"product","link":"https:\/\/glamaholic.shop\/new\/product\/tigi-bed-head-dumb-blonde-conditioner\/","title":{"rendered":"Tigi Bed Head Dumb Blonde Conditioner"},"content":{"rendered":"<p>Skydda ditt platinablonda h\u00e5r med en blandning av v\u00e5rdande \u00e4mnen f\u00f6r att balansera blekt och behandlat h\u00e5r. Dessutom ger Colour Lockdown<br \/>Technology skydd mot f\u00e4rgf\u00f6rlust s\u00e5 f\u00e4rgtonerna h\u00e5ller sig starka.<br \/>200ml<\/p>\n","protected":false},"excerpt":{"rendered":"<p>Tigi Bed Head Dumb Blonde Conditioner<\/p>\n","protected":false},"featured_media":512,"comment_status":"closed","ping_status":"open","template":"","meta":{"_monsterinsights_skip_tracking":false,"_monsterinsights_sitenote_active":false,"_monsterinsights_sitenote_note":"","_monsterinsights_sitenote_category":0},"hair-type":[91],"manufacturer":[114],"_links":{"self":[{"href":"https:\/\/glamaholic.shop\/new\/wp-json\/wp\/v2\/product\/3602"}],"collection":[{"href":"https:\/\/glamaholic.shop\/new\/wp-json\/wp\/v2\/product"}],"about":[{"href":"https:\/\/glamaholic.shop\/new\/wp-json\/wp\/v2\/types\/product"}],"replies":[{"embeddable":true,"href":"https:\/\/glamaholic.shop\/new\/wp-json\/wp\/v2\/comments?post=3602"}],"wp:featuredmedia":[{"embeddable":true,"href":"https:\/\/glamaholic.shop\/new\/wp-json\/wp\/v2\/media\/512"}],"wp:attachment":[{"href":"https:\/\/glamaholic.shop\/new\/wp-json\/wp\/v2\/media?parent=3602"}],"wp:term":[{"taxonomy":"hair-type","embeddable":true,"href":"https:\/\/glamaholic.shop\/new\/wp-json\/wp\/v2\/hair-type?post=3602"},{"taxonomy":"manufacturer","embeddable":true,"href":"https:\/\/glamaholic.shop\/new\/wp-json\/wp\/v2\/manufacturer?post=3602"}],"curies":[{"name":"wp","href":"https:\/\/api.w.org\/{rel}","templated":true}]}}