{"id":3517,"date":"2021-05-20T01:36:40","date_gmt":"2021-05-20T01:36:40","guid":{"rendered":"http:\/\/glamaholic.shop\/new\/product\/moroccanoil-moisture-repair-conditioner\/"},"modified":"2021-05-20T01:36:41","modified_gmt":"2021-05-20T01:36:41","slug":"moroccanoil-moisture-repair-conditioner","status":"publish","type":"product","link":"https:\/\/glamaholic.shop\/new\/product\/moroccanoil-moisture-repair-conditioner\/","title":{"rendered":"Moroccanoil Moisture Repair Conditioner"},"content":{"rendered":"<p>Ett lyxigt balsam fr\u00e5n Moroccanoil som reder ut  h\u00e5ret varsamt samtidigt som det reparerar och  v\u00e5rdar med hj\u00e4lp av arganolja fr\u00e5n Marocko,  keratin som \u00e4r det naturlga h\u00e5rets egna  best\u00e5ndsdel, fettsyror och proteiner.<br \/>Moroccanoil Moisture Repair Conditioner \u00e4r fritt  fr\u00e5n sulfater, fosfater och parabener och \u00e4r  speciellt bra f\u00f6r f\u00e4rgbehandlade, torra och  skadade h\u00e5r. Moroccan oil balsam \u00e5terst\u00e4ller  h\u00e5rets naturliga h\u00e4lsa, styrka och vitalitet.<br \/>250ml<\/p>\n","protected":false},"excerpt":{"rendered":"<p>Moroccanoil Moisture Repair Conditioner<\/p>\n","protected":false},"featured_media":342,"comment_status":"closed","ping_status":"open","template":"","meta":{"_monsterinsights_skip_tracking":false,"_monsterinsights_sitenote_active":false,"_monsterinsights_sitenote_note":"","_monsterinsights_sitenote_category":0},"hair-type":[97],"manufacturer":[76],"_links":{"self":[{"href":"https:\/\/glamaholic.shop\/new\/wp-json\/wp\/v2\/product\/3517"}],"collection":[{"href":"https:\/\/glamaholic.shop\/new\/wp-json\/wp\/v2\/product"}],"about":[{"href":"https:\/\/glamaholic.shop\/new\/wp-json\/wp\/v2\/types\/product"}],"replies":[{"embeddable":true,"href":"https:\/\/glamaholic.shop\/new\/wp-json\/wp\/v2\/comments?post=3517"}],"wp:featuredmedia":[{"embeddable":true,"href":"https:\/\/glamaholic.shop\/new\/wp-json\/wp\/v2\/media\/342"}],"wp:attachment":[{"href":"https:\/\/glamaholic.shop\/new\/wp-json\/wp\/v2\/media?parent=3517"}],"wp:term":[{"taxonomy":"hair-type","embeddable":true,"href":"https:\/\/glamaholic.shop\/new\/wp-json\/wp\/v2\/hair-type?post=3517"},{"taxonomy":"manufacturer","embeddable":true,"href":"https:\/\/glamaholic.shop\/new\/wp-json\/wp\/v2\/manufacturer?post=3517"}],"curies":[{"name":"wp","href":"https:\/\/api.w.org\/{rel}","templated":true}]}}