{"id":3511,"date":"2021-05-20T01:36:37","date_gmt":"2021-05-20T01:36:37","guid":{"rendered":"http:\/\/glamaholic.shop\/new\/product\/matrix-biolage-smooththerapie-deep-smoothing-conditioner-1000ml\/"},"modified":"2021-05-20T01:36:39","modified_gmt":"2021-05-20T01:36:39","slug":"matrix-biolage-smooththerapie-deep-smoothing-conditioner-1000ml","status":"publish","type":"product","link":"https:\/\/glamaholic.shop\/new\/product\/matrix-biolage-smooththerapie-deep-smoothing-conditioner-1000ml\/","title":{"rendered":"Matrix Biolage Smooththerapie Deep Smoothing Conditioner 1000ml"},"content":{"rendered":"<p>Balsam som ger omedelbar mjukhet, v\u00e5rd och t\u00e4mjer sv\u00e5rhanterlig frissighet. F\u00f6r ett gl\u00e4nsande och friskt h\u00e5r, utan att tynga ner.<\/p>\n<p><strong>Beskrivning<br \/><\/strong>&#8211; F\u00f6r fint till grovt h\u00e5r<br \/>&#8211; Mjukg\u00f6r, v\u00e5rdar och t\u00e4mjer ostyrigt h\u00e5r<br \/>&#8211; Utredande effekt&nbsp; f\u00f6r ett l\u00e4tthanterligt h\u00e5r<br \/>&#8211; L\u00e4mnar h\u00e5ret glansfullt och frissfritt<br \/>&#8211; Passar \u00e4ven f\u00e4rgbehandlat h\u00e5r<\/p>\n<p><strong>Egenskaper<\/strong><br \/>&#8211; Vit och kr\u00e4mig konsistens<br \/>&#8211; Ineh\u00e5ller kameliaserum<br \/>&#8211; Utan parabener<br \/>&#8211; Flaskan best\u00e5r av upp till 50% (PCR)  \u00e5tervunnet material<\/p>\n<p><strong>Bruksanvisning<\/strong><br \/>&#8211; Massera in i v\u00e5tt h\u00e5r. Sk\u00f6lj ur.<\/p>\n<p>1000ml<br \/>&nbsp;<\/p>\n","protected":false},"excerpt":{"rendered":"<p>Matrix Biolage Smooththerapie Deep Smoothing Conditioner 1000ml<\/p>\n","protected":false},"featured_media":327,"comment_status":"closed","ping_status":"open","template":"","meta":{"_monsterinsights_skip_tracking":false,"_monsterinsights_sitenote_active":false,"_monsterinsights_sitenote_note":"","_monsterinsights_sitenote_category":0},"hair-type":[103],"manufacturer":[105],"_links":{"self":[{"href":"https:\/\/glamaholic.shop\/new\/wp-json\/wp\/v2\/product\/3511"}],"collection":[{"href":"https:\/\/glamaholic.shop\/new\/wp-json\/wp\/v2\/product"}],"about":[{"href":"https:\/\/glamaholic.shop\/new\/wp-json\/wp\/v2\/types\/product"}],"replies":[{"embeddable":true,"href":"https:\/\/glamaholic.shop\/new\/wp-json\/wp\/v2\/comments?post=3511"}],"wp:featuredmedia":[{"embeddable":true,"href":"https:\/\/glamaholic.shop\/new\/wp-json\/wp\/v2\/media\/327"}],"wp:attachment":[{"href":"https:\/\/glamaholic.shop\/new\/wp-json\/wp\/v2\/media?parent=3511"}],"wp:term":[{"taxonomy":"hair-type","embeddable":true,"href":"https:\/\/glamaholic.shop\/new\/wp-json\/wp\/v2\/hair-type?post=3511"},{"taxonomy":"manufacturer","embeddable":true,"href":"https:\/\/glamaholic.shop\/new\/wp-json\/wp\/v2\/manufacturer?post=3511"}],"curies":[{"name":"wp","href":"https:\/\/api.w.org\/{rel}","templated":true}]}}