{"id":3397,"date":"2021-05-20T01:36:23","date_gmt":"2021-05-20T01:36:23","guid":{"rendered":"http:\/\/glamaholic.shop\/new\/product\/kevin-murphy-plumping-rinse-250ml\/"},"modified":"2021-05-20T01:36:24","modified_gmt":"2021-05-20T01:36:24","slug":"kevin-murphy-plumping-rinse-250ml","status":"publish","type":"product","link":"https:\/\/glamaholic.shop\/new\/product\/kevin-murphy-plumping-rinse-250ml\/","title":{"rendered":"Kevin Murphy Plumping Rinse 250ml"},"content":{"rendered":"<p>Ett f\u00f6rtjockande Conditioner som \u00f6kar t\u00e4theten i h\u00e5ret. \u00d6kar h\u00e5rets tillv\u00e4xt och hindrar tillf\u00e4lliga h\u00e5ravfall. Plumping Line best\u00e5r av Plumping.Wash, Plumping.Rinse och Body.Mass. Dessa produkter \u00e4r utformade f\u00f6r att f\u00f6rtjocka tunt h\u00e5r och g\u00f6ra det fylligare, samtidigt som de f\u00f6rhindrar tillf\u00e4lliga h\u00e5ravfall.<br \/>250ml<\/p>\n","protected":false},"excerpt":{"rendered":"<p>Kevin Murphy Plumping Rinse 250ml<\/p>\n","protected":false},"featured_media":100,"comment_status":"closed","ping_status":"open","template":"","meta":{"_monsterinsights_skip_tracking":false,"_monsterinsights_sitenote_active":false,"_monsterinsights_sitenote_note":"","_monsterinsights_sitenote_category":0},"hair-type":[79],"manufacturer":[96],"_links":{"self":[{"href":"https:\/\/glamaholic.shop\/new\/wp-json\/wp\/v2\/product\/3397"}],"collection":[{"href":"https:\/\/glamaholic.shop\/new\/wp-json\/wp\/v2\/product"}],"about":[{"href":"https:\/\/glamaholic.shop\/new\/wp-json\/wp\/v2\/types\/product"}],"replies":[{"embeddable":true,"href":"https:\/\/glamaholic.shop\/new\/wp-json\/wp\/v2\/comments?post=3397"}],"wp:featuredmedia":[{"embeddable":true,"href":"https:\/\/glamaholic.shop\/new\/wp-json\/wp\/v2\/media\/100"}],"wp:attachment":[{"href":"https:\/\/glamaholic.shop\/new\/wp-json\/wp\/v2\/media?parent=3397"}],"wp:term":[{"taxonomy":"hair-type","embeddable":true,"href":"https:\/\/glamaholic.shop\/new\/wp-json\/wp\/v2\/hair-type?post=3397"},{"taxonomy":"manufacturer","embeddable":true,"href":"https:\/\/glamaholic.shop\/new\/wp-json\/wp\/v2\/manufacturer?post=3397"}],"curies":[{"name":"wp","href":"https:\/\/api.w.org\/{rel}","templated":true}]}}