{"id":3373,"date":"2021-05-20T01:36:20","date_gmt":"2021-05-20T01:36:20","guid":{"rendered":"http:\/\/glamaholic.shop\/new\/product\/evo-happy-campers-hard-working-moisturiser\/"},"modified":"2021-05-20T01:36:20","modified_gmt":"2021-05-20T01:36:20","slug":"evo-happy-campers-hard-working-moisturiser","status":"publish","type":"product","link":"https:\/\/glamaholic.shop\/new\/product\/evo-happy-campers-hard-working-moisturiser\/","title":{"rendered":"Evo Happy Campers Hard-working moisturiser"},"content":{"rendered":"<p>En l\u00e4tt, leave-in fuktkr\u00e4m med extra solskydd. \u00c4r bra till alla h\u00e5rtyper, s\u00e4rskilt torrt, kemiskt behandlat spr\u00f6tt h\u00e5r. Skydd mot UV-och v\u00e4rmeskador. L\u00e4tt att kamma igenom. \u00d6kar f\u00f6ljsamhet och hanterbarhet av h\u00e5r.<br \/>Inneh\u00e5ller:<br \/>150ml&nbsp;<\/p>\n","protected":false},"excerpt":{"rendered":"<p>Evo Happy Campers Hard-working moisturiser<\/p>\n","protected":false},"featured_media":51,"comment_status":"closed","ping_status":"open","template":"","meta":{"_monsterinsights_skip_tracking":false,"_monsterinsights_sitenote_active":false,"_monsterinsights_sitenote_note":"","_monsterinsights_sitenote_category":0},"hair-type":[88],"manufacturer":[89],"_links":{"self":[{"href":"https:\/\/glamaholic.shop\/new\/wp-json\/wp\/v2\/product\/3373"}],"collection":[{"href":"https:\/\/glamaholic.shop\/new\/wp-json\/wp\/v2\/product"}],"about":[{"href":"https:\/\/glamaholic.shop\/new\/wp-json\/wp\/v2\/types\/product"}],"replies":[{"embeddable":true,"href":"https:\/\/glamaholic.shop\/new\/wp-json\/wp\/v2\/comments?post=3373"}],"wp:featuredmedia":[{"embeddable":true,"href":"https:\/\/glamaholic.shop\/new\/wp-json\/wp\/v2\/media\/51"}],"wp:attachment":[{"href":"https:\/\/glamaholic.shop\/new\/wp-json\/wp\/v2\/media?parent=3373"}],"wp:term":[{"taxonomy":"hair-type","embeddable":true,"href":"https:\/\/glamaholic.shop\/new\/wp-json\/wp\/v2\/hair-type?post=3373"},{"taxonomy":"manufacturer","embeddable":true,"href":"https:\/\/glamaholic.shop\/new\/wp-json\/wp\/v2\/manufacturer?post=3373"}],"curies":[{"name":"wp","href":"https:\/\/api.w.org\/{rel}","templated":true}]}}